0
What is -111000001101 (base 2) in base 7?
-13326
What is -16653 (base 7) in base 8?
-11267
What is -12012200 (base 3) in base 5?
-110143
300002 (base 4) to base 5
44244
Convert -252c (base 14) to base 7.
-24655
12011 (base 4) to base 16
185
What is 302 (base 5) in base 6?
205
Convert -26270 (base 12) to base 10.
-52212
-5220 (base 6) to base 3
-1121010
What is -15a9 (base 12) in base 5?
-40302
What is -1000110100000000 (base 2) in base 12?
-18a80
Convert -2101102 (base 4) to base 7.
-36052
Convert -32222023 (base 4) to base 7.
-340024
What is -71 (base 8) in base 15?
-3c
-221000 (base 3) to base 11
-564
112136 (base 8) to base 11
2659a
Convert 335 (base 8) to base 14.
11b
Convert 2825b (base 13) to base 16.
12568
Convert 232333 (base 5) to base 8.
20424
337 (base 12) to base 15
21a
6f3 (base 16) to base 6
12123
Convert 20014 (base 7) to base 13.
2263
Convert 1114043 (base 5) to base 6.
232042
What is -2065 (base 13) in base 5?
-120402
Convert 2122 (base 12) to base 3.
11222022
What is 285 (base 15) in base 8?
1077
Convert 1344 (base 10) to base 3.
1211210
What is -25a9 (base 11) in base 6?
-23402
-614 (base 16) to base 14
-7d2
What is -986 (base 11) in base 13?
-700
Convert 100010111100111 (base 2) to base 11.
12499
-3836 (base 13) to base 12
-4758
What is -100111101110101 (base 2) in base 5?
-1122331
-2a4 (base 16) to base 7
-1654
Convert -7a (base 14) to base 3.
-11000
-3233 (base 8) to base 4
-122123
-4343 (base 9) to base 2
-110001111110
-1100100 (base 2) to base 8
-144
What is -10104 (base 5) in base 13?
-3b4
4a07 (base 11) to base 12
3951
Convert 403 (base 16) to base 9.
1361
Convert -20200210 (base 3) to base 7.
-20142
What is -400 (base 9) in base 13?
-1bc
Convert -101111011100000 (base 2) to base 4.
-11323200
What is -1a8 (base 15) in base 10?
-383
218 (base 15) to base 16
1d9
734 (base 15) to base 6
11304
-13cb (base 13) to base 2
-101100110111
421202 (base 5) to base 6
144251
What is 295 (base 14) in base 6?
2231
Convert -11543 (base 8) to base 11.
-3802
-3c (base 13) to base 6
-123
What is -312423 (base 5) in base 16?
-287b
What is -56217 (base 11) in base 12?
-3b177
Convert -1625 (base 13) to base 9.
-4402
What is -837 (base 9) in base 8?
-1252
What is -490 (base 11) in base 15?
-28d
1233 (base 9) to base 6
4133
What is -492 (base 12) in base 15?
-30b
-21000 (base 9) to base 16
-361b
What is 246115 (base 7) in base 9?
68164
4205 (base 7) to base 12
a2b
-15292 (base 13) to base 8
-116103
-300350 (base 6) to base 9
-35163
-84a (base 11) to base 12
-712
Convert 1000221 (base 3) to base 11.
626
What is 1b011 (base 13) in base 6?
1044102
Convert -3223 (base 4) to base 7.
-454
What is -114525 (base 6) in base 16?
-2795
Convert 3732 (base 8) to base 15.
8e0
Convert 20200200 (base 3) to base 5.
124003
Convert -11444 (base 7) to base 2.
-101110011100
3331201 (base 4) to base 14
5cad
-bac (base 14) to base 12
-1404
Convert -6416 (base 7) to base 9.
-3088
-10010 (base 4) to base 5
-2020
What is -13242 (base 6) in base 2?
-11111111010
-2012 (base 6) to base 3
-121022
1764 (base 13) to base 2
110110000110
10221 (base 4) to base 12
209
Convert 111504 (base 7) to base 11.
13970
-32346 (base 9) to base 3
-1002101120
What is -34675 (base 10) in base 3?
-1202120021
-4f (base 16) to base 3
-2221
-34113 (base 7) to base 4
-2012322
Convert 47a7 (base 16) to base 14.
6983
cd2 (base 16) to base 12
1a96
-1630 (base 7) to base 16
-292
What is -4396 (base 11) in base 10?
-5792
Convert 100220 (base 3) to base 4.
10023
Convert -ca (base 14) to base 3.
-20121
-396b (base 13) to base 6
-101545
What is d02 (base 16) in base 8?
6402
What is -32357 (base 10) in base 11?
-22346
What is 84 (base 14) in base 16?
74
143322 (base 8) to base 13
1a223
What is 1716 (base 9) in base 11?
a92
Convert -1876 (base 9) to base 16.
-5a6
Convert -e527 (base 15) to base 3.
-2110102001
What is 6221 (base 7) in base 10?
2171
Convert -4250 (base 12) to base 9.
-10856
-45454 (base 8) to base 9
-28352
-71011 (base 9) to base 2
-1011011001001010
-375 (base 8) to base 11
-210
Convert -115533 (base 6) to base 13.
-4935
12000120 (base 3) to base 2
111001001100
Convert -1e8 (base 16) to base 9.
-602
Convert 119 (base 10) to base 9.
142
-4227 (base 8) to base 7
-6261
What is 8a0 (base 12) in base 10?
1272
What is 772 (base 13) in base 8?
2374
Convert c422 (base 16) to base 15.
ed25
3316 (base 7) to base 15
544
What is -70e (base 15) in base 2?
-11000110101
42 (base 15) to base 3
2022
Convert 24e (base 16) to base 6.
2422
What is -59 (base 13) in base 7?
-134
What is -1001010011 (base 2) in base 15?
-29a
What is 100111110100110 (base 2) in base 8?
47646
Convert -1048 (base 16) to base 5.
-113133
Convert -15800 (base 10) to base 11.
-10964
What is -1913 (base 11) in base 4?
-212002
Convert 4005 (base 6) to base 8.
1545
-50 (base 15) to base 10
-75
-11003 (base 6) to base 15
-6b0
2152 (base 7) to base 3
1001121
Convert 2020322 (base 4) to base 6.
104322
-5667 (base 14) to base 2
-11101010001011
-590 (base 16) to base 3
-1221202
Convert -663 (base 15) to base 5.
-21233
Convert -29a (base 16) to base 13.
-3c3
3330 (base 5) to base 3
122020
Convert 255 (base 9) to base 7.
422
Convert -100010 (base 3) to base 8.
-366
Convert -11112 (base 3) to base 8.
-172
11020110201 (base 3) to base 10
83449
605 (base 9) to base 4
13223
What is 510 (base 9) in base 2?
110011110
What is -56 (base 11) in base 4?
-331
-2dc6 (base 14) to base 5
-230320
Convert -642 (base 7) to base 4.
-11010
3607 (base 15) to base 13
52c3
What is 10310321 (base 4) in base 9?
30105
What is 355 (base 9) in base 7?
566
213032 (base 4) to base 9
3388
Convert 111003 (base 5) to base 7.
14210
-2a73 (base 12) to base 13
-2364
What is 100111 (base 3) in base 16?
100
What is -10313 (base 4) in base 16?
-137
-103022 (base 5) to base 8
-6670
What is 1716 (base 12) in base 3?
10210000
What is -15440 (base 7) in base 4?
-1003310
What is 787 (base 15) in base 16?
6a6
-1054 (base 6) to base 4
-3322
Convert 453 (base 16) to base 11.
917
What is -3a9 (base 12) in base 7?
-1431
Convert -341413 (base 5) to base 2.
-10111101001100
-10110010010100 (base 2) to base 3
-120122200
What is -1274 (base 8) in base 11?
-587
What is 16e (base 16) in base 9?
446
Convert 293 (base 15) to base 16.
24c
-12333 (base 5) to base 3
-1022212
What is -4423 (base 12) in base 3?
-101022100
11362 (base 8) to base 6
34242
Convert 110212 (base 3) to base 8.
533
724 (base 9) to base 15
294
What is -b491 (base 14) in base 16?
-7977
30331 (base 4) to base 14
433
What is 38441 (base 11) in base 14?
1611a
-592 (base 14) to base 9
-1461
What is 15b72 (base 13) in base 4?
22020122
What is 3405 (base 6) in base 8?
1435
35234 (base 7) to base 11
687a
Convert 21000000 (base 3) to base 13.
2427
What is 2ce (base 16) in base 4?
23032
Convert 2100313 (base 4) to base 7.
36013
a54 (base 12) to base 9
2051
Convert 11000001 (base 2) to base 9.
234
Convert b8 (base 14) to base 11.
138
What is 34342 (base 5) in base 3?
10101120
What is -1430 (base 6) in base 13?
-231
2270 (base 8) to base 14
624
What is -51a (base 14) in base 13?
-5c3
Convert -1124 (base 13) to base 4.
-211130
Convert 211120120 (base 3) to base 10.
16458
-34115 (base 9) to base 7
-123110
-10210221 (base 3) to base 6
-20511
4b4 (base 14) to base 9
1256
1 (base 12) to base 2
1
What is -13540 (base 9) in base 5?
-243224
What is -2474 (base 8) in base 9?
-1748
What is -394 (base 15) in base 6?
-3434
Convert 838 (base 9) to base 11.
571
Convert -130042 (base 8) to base 6.
-544430
What is 1118 (base 12) in base 9?
2532
Convert 733a (base 11) to base 9.
14303
1556 (base 7) to base 10
629
Convert 4a82 (base 11) to base 13.
3027
What is a6d (base 16) in base 9?
3585
Convert -932 (base 14) to base 16.
-710
What is 234020 (base 6) in base 9?
30773
Convert 6174 (base 8) to base 10.
3196
Convert 74771 (base 8) to base 13.
1129c
What is 3160 (base 10) in base 14?
121a
Convert 19a9 (base 15) to base 9.
7556
17018 (base 9) to base 16
2da1
Convert 1514 (base 9) to base 10.
1147
Convert c1 (base 16) to base 2.
11000001
-13401 (base 6) to base 7
-6043
Convert -90 (base 10) to base 9.
-110
13c1 (base 14) to base 8
6655
What is 4e3 (base 15) in base 7?
3150
Convert 11010001111 (base 2) to base 7.
4616
Convert -15378 (base 9) to base 13.
-4a33